rivative of -x**4/24 + 7*x**3/6 - x**2. Suppose -3*b = 18*o - 22*o - 30, 0 = o + 3*b. What is the units digit of h(o)?
3
Let y be ((-1)/(-3) + 0)*3. Suppose 3*q = 5*c - 45, -3 = -c + 2*q - y. What is the units digit of c?
2
Let c = 5 + 45. Let u = c - 0. Suppose 5*j = -2*h + 226, -j - h + u = -3*h. What is the tens digit of j?
4
Let q(n) = -n**2 - 20*n - 4. Let a be q(-8). Let o = a + -33. What is the units digit of o?
9
Suppose 94*x - 9066 = 88*x. What is the hundreds digit of x?
5
Let b be 5*-2*(-1)/(20/72). What is the units digit of 6/4*(-16)/b*-6?
4
Let u = 21 + -110. Let o = 163 + u. What is the units digit of o?
4
Suppose 4*c = -4*t + 4352, 2*c = -30 + 24. What is the hundreds digit of t?
0
Suppose 2*h + h = -2*m - 12, -3*m + h = -4. Let x be -5*(-1 - 21/(-15)) + 4. Suppose 2*d - 8 - x = m. What is the units digit of d?
5
Let w(s) = 7*s + 46. Let f(c) be the third derivative of c**4/8 + 23*c**3/6 - 6*c**2. Let d(o) = 5*f(o) - 2*w(o). What is the units digit of d(0)?
3
Let o = 26 + 206. What is the tens digit of o?
3
Suppose -3*p + 23 = 2*w - 18, -4*w - 4*p + 84 = 0. Suppose -w - 8 = q. Let z = 14 - q. What is the tens digit of z?
4
Let g(b) = b**3 + 15*b**2 - 34*b + 15. What is the tens digit of g(-16)?
0
Let b = -13 + 6. Let c = b - -12. Suppose -2*l - 12 = -2*g, c*g - 21 = 2*l - 0*l. What is the units digit of g?
3
Suppose -f + 6*f + 5*b = 30, 3*f - 2*b = 33. Suppose -2*m - 2*k + 8 = 0, 2*m - 2*k - 3 = f. Suppose -m*s + 5 = -10. What is the units digit of s?
3
Suppose 4*l = y - 82, -l = 3*y - 4 + 31. Let u = l + -21. Let z = 64 + u. What is the units digit of z?
2
Suppose -i = -5*v + 2*i + 1480, 4*i = 5*v - 1485. What is the units digit of v?
3
Let t(o) = 96*o + 98. What is the tens digit of t(20)?
1
Let m(l) = 332*l**2 - 20*l + 71. What is the units digit of m(4)?
3
Let y = 222 + -45. What is the units digit of y?
7
Suppose 7*t = -t + 6816. Suppose 0 = -5*q - 4*a + 1064, -4*q + 2*a = 5*a - t. What is the tens digit of q?
1
Let m(v) = 16*v - 12. Let w(k) = -1. Let i(t) = m(t) - 3*w(t). What is the units digit of i(3)?
9
What is the units digit of (1456/(-8))/((-4)/14)?
7
Suppose -56*c + 32346 = -2*c. What is the units digit of c?
9
Suppose 3*v = 4*r + 2088, -r = 2*r + 9. Suppose -v = -4*c - 96. What is the hundreds digit of c?
1
Let y = -486 + 192. What is the hundreds digit of ((-2)/1)/(4/y)?
1
Let r(h) be the third derivative of 0*h - 3*h**2 + 0 - 7/24*h**4 + 3/2*h**3. What is the tens digit of r(-5)?
4
Let w(z) = z**3 + 11*z**2 - 29*z - 15. Let o be (-91)/7 + 0/1. What is the tens digit of w(o)?
2
Suppose o - 1 + 7 = u, 3*u - 14 = 2*o. Suppose -4*a - 113 = -u*s + 149, -2*a + 286 = 2*s. What is the tens digit of s?
3
Suppose 88964 = 8*n + 15*n. What is the thousands digit of n?
3
Let f(j) = -j - 7 + 4*j - 2*j. What is the units digit of f(9)?
2
Let y(w) = 0 - 3 - 7*w - 3*w**2 + 6*w - 2*w**3 - 4. What is the tens digit of y(-3)?
2
Let b(x) = -5*x**2 + 4*x + 4*x**2 + 3*x**2 - 3 + 0*x. What is the units digit of b(3)?
7
Let g(c) be the first derivative of -4*c**2 - 29*c + 3. What is the units digit of g(-8)?
5
Suppose 0 = 4*r - 20, 3*s + r - 6537 = 5942. What is the units digit of s?
8
Suppose 38 = 4*l - 5*k - 0*k, -3*l + 3*k = -27. Suppose 0 = i - 4*z + l, -4*z = -3*i + 6*i + 5. What is the units digit of (25/15)/((-1)/i)?
5
Let r be 3*-1*5*(-5)/25. What is the units digit of 4 + (-24)/r - 5*-31?
1
Suppose -2*n = -3*a + 14534 - 3487, 3*a - 4*n = 11057. What is the tens digit of a?
7
Suppose 6*a - 2905 = 5237. What is the units digit of a?
7
Suppose 0 = -o + j + 4284, 5*o = -0*o - 5*j + 21380. What is the hundreds digit of o?
2
Let b = 86 - 80. Suppose w = b*w + g - 533, 5*w - 3*g = 541. What is the units digit of w?
7
Let n be 4/26 - (-314)/(-13). What is the units digit of (-16)/n - 710/(-6)?
9
Let h be (2/4)/((-16)/1152). What is the units digit of (62/(-6))/(12/h)?
1
Let u(g) = -g. Let n(j) = -4*j - 9. Let v(b) = n(b) - u(b). Let r be v(-4). Suppose 2*s - 15 = -c, -r*s - 3*c = -2*c - 21. What is the units digit of s?
6
Suppose 3811 = 79*w - 57888. What is the units digit of w?
1
Let f be ((-12)/10)/((-2)/(-10)). Let t(c) = 3*c**2 + 3*c + 14. What is the units digit of t(f)?
4
Let q be (-8)/6 - 20/3. Let k be (-1)/(-3) + (-4)/3. Let s = k - q. What is the units digit of s?
7
Let r(h) = -3*h - 13. Let l be r(-6). Suppose -s + 42 = 4*g - 8, -l*g - 4*s = -57. What is the units digit of g?
3
Suppose -169*o - 24354 = -187*o. What is the tens digit of o?
5
Suppose 550 = -68*y + 73*y. Suppose 2*x = x + y. What is the hundreds digit of x?
1
Suppose -2*v - 2*p = -4, 5*p = 2*v + v - 38. Let i(q) = -3 + 2*q**2 + 3 + 1 - 8*q. What is the tens digit of i(v)?
2
Let j(p) = 2*p**2 + 2*p - 3. Let f be j(-3). Suppose -q - f = -2*r, -11 = -q - r - r. What is the tens digit of -1 + q + (-399)/(-7)?
5
Suppose -3*u - 21 = -6*d + 3*d, 4*u - 2*d = -20. What is the tens digit of ((-915)/10)/u - 1/(-2)?
3
Let l be (8 - -1)*2/3. Let f(q) = -2 + 4 + 1 + q**2 + q**2 + l*q. What is the units digit of f(-5)?
3
Let l be 40/18 - (-4)/(-18). Suppose -l*t = 2*h + 24, -2*t + h - 1 = 8. Let u = -4 - t. What is the units digit of u?
3
Let x = 144 + 193. What is the units digit of x?
7
What is the hundreds digit of (-4 - -3) + (7 + -297)/(-2)?
1
Let f(x) = 335*x + 142. What is the hundreds digit of f(6)?
1
Let l(r) = -13*r + 55. Let h be l(11). Let q = h - -134. What is the tens digit of q?
4
Let a(t) = 4*t - 21. Let p be a(9). Suppose 2*l - 3*l + 4*r = 18, -2*l + r = p. What is the tens digit of ((-2)/l)/(1/93)?
3
What is the units digit of (8156/(-10))/((-198)/495)?
9
Let o = 595 + -343. Suppose -o = -7*m + 63. What is the units digit of m?
5
Suppose -3*s - 2 = 2*s - 4*b, 9 = 3*b. Suppose 5*k - 40 = -5*h, -h + 3*h = s*k. What is the tens digit of (-2)/h + 66/4?
1
Suppose -4 = -2*g + q - 3*q, -5*q + 28 = -4*g. What is the units digit of (-67)/(-2)*(3 + (-1 - g))?
4
Let g(v) = v**2 + 2*v - 9. Let l be g(3). Suppose 0 = l*t - 62 - 4. What is the units digit of t?
1
Let j = -4236 + 6158. What is the units digit of j?
2
Let q(b) = 518*b**2 + 25*b + 55. What is the tens digit of q(-3)?
4
Suppose -3*l + 6 + 0 = 0. Suppose -5*v = -5*j - 15, -3*v + 4*j = -2*v - 12. Suppose 0 = 3*z - l*u - 71 - 5, v = -z - 5*u + 14. What is the units digit of z?
4
Suppose 5*i = 5, -5*r - 3*i - 72 = 5. Let a = 41 + r. Let n = 4 + a. What is the units digit of n?
9
Let r be 68/(-18) + (-6)/27. Let b = 52 + -49. Let q = b - r. What is the units digit of q?
7
Let m be ((-12)/18)/((-141)/(-45) - 3). What is the units digit of -2*1 + 247 + 6 + m?
6
Let b = 5 + -77. Let d = 177 + b. What is the tens digit of d?
0
Let w(d) = d**2 + 11*d + 4. Let v be w(-11). Let h = v + -28. Let a = h + 42. What is the units digit of a?
8
Suppose 133*k + 30 = 128*k. Let z(j) = -5*j**2 - 2*j + 1. Let g(v) = 6*v**2 + v - 1. Let u(p) = -3*g(p) - 4*z(p). What is the units digit of u(k)?
1
Suppose -53*i = -51*i - 480. Suppose -23*v = -25*v + i. What is the units digit of v?
0
Let u = 17 - 14. Suppose 216 = 4*l - 2*r, -l - u*r = -3*l + 116. What is the units digit of l?
2
Let s(r) = -1. Let n(w) = -w**2 - 8*w + 1. Let y(p) = -n(p) - 3*s(p). Let u be y(-8). Suppose -u*g + 4*g - 40 = 0. What is the units digit of g?
0
Let g(k) = -9*k + 2. Let s be g(-2). Let x be 6/(-9) + s/3. What is the units digit of -2 + 1*4*x?
2
Let l = 4112 - 1909. What is the thousands digit of l?
2
What is the units digit of (-4)/2*(918/(-12) + -5)?
3
Let g = -27 - -27. Suppose 4*b + 91 = 2*c + 1, g = 4*c + b - 135. What is the tens digit of c?
3
Let g(c) = c - 3. Let o be g(7). Suppose -j = -o*j + 165. What is the units digit of j?
5
Let h(q) = 8*q - 61. Let g be h(10). Suppose 0 = -2*c + 2, g*c - 1656 = -5*x + 18*c. What is the units digit of x?
1
Suppose 225 = 7*c + 2*c. What is the tens digit of c?
2
Let n(m) = m**3 - 13*m**2 - 14*m + 2. Let v be n(14). Suppose 0 = -v*p - 4*p. Suppose -f - 2*f = -3*g + 96, p = -3*g - f + 96. What is the units digit of g?
2
Let c(l) = -l**3 + 15*l**2 - 12*l + 6. Let z be c(14). Suppose -3*s + 2*i = s - z, 5*s - 41 = 2*i. What is the units digit of s?
7
Suppose 0*z = -8*z + 3816. What is the units digit of z?
7
Suppose 2*m + 25 = 5*n, -2*n + 3*m = -15 - 6. Suppose 2*t + t - 2*x = 62, n*x = -3. What is the units d